u(0)?
5
Let r(z) = 15*z**2 - 11*z + 33. Let k be r(7). Let o = k + 540. What is the units digit of o?
1
Let p = 13446 - 7650. What is the tens digit of p?
9
Let q = 194 - 125. Let l = 172 - q. What is the tens digit of l?
0
Suppose 0 = 15*n - 19*n + 4, 0 = 5*h + 5*n - 5. Suppose h = -2*l - 5*c + 8*c + 2934, -c = -l + 1466. What is the tens digit of l?
6
Suppose -9*p - 4*m = -2037, 4*p + 4*m + 364 = 1256. What is the units digit of p?
9
Suppose -611071 - 383650 = -42*z - 230489. What is the ten thousands digit of z?
1
Suppose 0 = 3*n - 0*n - 2*h + 10, -4*h = -5*n - 18. What is the hundreds digit of (-22 + 21)*(-461 + n)?
4
Let r be (-360200)/24 + (-3 - 0)/(-9). What is the hundreds digit of r/(-10) - -5*1/25?
5
Let j(s) = 114*s - 54. Let r be j(17). Suppose r = 5*n - 4*y, -3*y = -0*y - 12. What is the hundreds digit of n?
3
Let y = -608 + 1603. Let k = y + -682. What is the tens digit of k?
1
Let l = -3659 + 3434. Let d(z) = z**3 - 2*z. Let w be d(-2). Let f = w - l. What is the tens digit of f?
2
Let j be 0 + 5/(-5) - -196. Let o = 487 - j. What is the tens digit of o?
9
What is the tens digit of (64 + -407)/(-2 + 85/43)?
4
Let t = 316 - 450. Let v = 235 - t. What is the units digit of v?
9
Let t = -6810 - -14251. What is the thousands digit of t?
7
Suppose 9059 = 8*y - 8117. What is the units digit of y?
7
Suppose -34*d + 54418 + 13562 = -4*d. What is the thousands digit of d?
2
Let w = 1791 - 4409. Let c be 3/((-253)/w + (-2)/(-17)). What is the tens digit of (c - 15)*(-95)/1*2?
9
Suppose 89*a = 82597 + 442621 + 829540. What is the ten thousands digit of a?
1
Let i(y) = -y**2 - 10*y - 17. Let h(o) be the first derivative of 3*o**2/2 + 6*o - 26. Let f(d) = -11*h(d) - 4*i(d). What is the tens digit of f(-5)?
6
Suppose 20*h - 23*h - 2*g = -12699, h - 3*g - 4222 = 0. What is the thousands digit of h?
4
Suppose 5*n - 2*o = 42772 + 7747, 5*o - 40435 = -4*n. What is the units digit of n?
5
Let s = 507 + -498. What is the tens digit of 1186/18 + ((-44)/s - -5)?
6
Let p = 1448 - 203. Suppose 0 = 3*s + p - 3513. Suppose -5*a + s = 51. What is the hundreds digit of a?
1
Let i be 0 + 0 - ((-10 - -18) + -1). Let n(d) = 6*d**2 - 8*d - 29. What is the units digit of n(i)?
1
Let k(q) = -q**2 + 31*q - 1. Let f(c) = 3*c**2 - 92*c + 4. Let b(n) = 2*f(n) + 7*k(n). What is the units digit of b(23)?
1
Let i(x) = 267*x - 4875. What is the thousands digit of i(44)?
6
Let i = 44 + -40. Suppose 2*t + 3*r = 0, 5*t - 14 = -i*r - 0*r. Suppose 0 = 5*w - k + t*k - 425, 5*k - 25 = 0. What is the units digit of w?
0
Suppose 4*q + 4*o = 17536, 321*q + 3*o = 324*q - 13140. What is the hundreds digit of q?
3
Suppose 0*p + 4*p - 31 = 3*i, 2*i - p + 14 = 0. What is the units digit of 3 - 6 - -184 - i?
6
Suppose 0 = -3*m - m + 8, 0 = x + 2*m + 248. Let r = x - -178. What is the tens digit of (r/6)/(4/(-12))?
3
Let m(b) be the third derivative of -20*b**2 + 0 - 11/12*b**4 + 7/60*b**5 + 2*b**3 + 0*b. What is the units digit of m(6)?
2
Let v = -5501 + 12386. What is the units digit of v?
5
Let p(j) = -5924*j - 4603. What is the hundreds digit of p(-6)?
9
Let o(b) = b**3 - b**2 + 12*b + 30. Let m be o(13). Suppose 9*h = -m - 1503. Let j = h + 581. What is the units digit of j?
8
Suppose -h = 3*h + 16. Let o be 18*h/(32/4). What is the tens digit of (-584)/(-9) + (-1)/o?
6
What is the units digit of (-24)/(-18)*151596/48?
1
Suppose 169 = -5*u + 174, 0 = -3*w + 4*u + 205781. What is the thousands digit of w?
8
Let a = -345 + 542. Let n(g) = g**2 - g. Let o be n(1). Suppose -4*m + a + 47 = o. What is the units digit of m?
1
Let o(g) = 3*g + 15 + 21 - 40 - 2*g. Let k be o(8). Suppose -k*x - 4 = 16, 2*p - 3*x - 261 = 0. What is the hundreds digit of p?
1
Let y = 13566 - 7796. Suppose 4*f + 442 - y = 4*i, 0 = 2*f + 5*i - 2629. What is the tens digit of f?
2
Let c = -9553 - -25523. What is the tens digit of c?
7
Let n(g) = 10*g**2 + 9*g - 131. What is the units digit of n(-33)?
2
Suppose 183*j - 187*j + 312574 = -2*r, 2*j - 156282 = 2*r. What is the hundreds digit of j?
1
Suppose -2*x + 3*x - 4 = -n, 4*x - 8 = 0. Let i(p) = -6*p**2 + p**3 + 4*p + 3*p**n - 4 - 3*p**2 + 0*p**2. What is the tens digit of i(6)?
2
Suppose 156*p + 128238 = 160*p + 5*m, 3*m = 2*p - 64108. What is the hundreds digit of p?
0
Let l(s) = 5*s + 40. Let h be l(-8). What is the units digit of (0 - -393) + 0 - h/(-28)?
3
Let j = 15088 + -7553. What is the tens digit of j?
3
Suppose u + 29 = 3*j, j - 7*u - 5 = -2*u. Let q(w) = 20*w - 59. What is the units digit of q(j)?
1
Let s(u) = 4*u**3 - 168*u**2 + 18*u - 176. What is the thousands digit of s(43)?
7
Let j be (120/14)/(50/175). Suppose j*s - 8643 = 2787. What is the tens digit of s?
8
Let z(g) = -19 - 13 + 10*g + 23*g + 3. Let i be z(9). Suppose -i = -3*s + 230. What is the hundreds digit of s?
1
Suppose 2*n = 2, -4336 = -3*c + 3*n + 3857. What is the units digit of c?
2
Suppose -18 = -y + 5*c, 3*y - 22 = 8*y + 3*c. What is the units digit of (y + (-10)/(-8))/((-39)/29016)?
8
Let i = -947 + 961. Suppose -i*x - 1327 = -3679. What is the units digit of x?
8
Suppose 0 = -18*y - 105747 + 276567. What is the thousands digit of y?
9
Let g be 49180/35 - -1 - (-1)/(-7). Let h = -973 + g. What is the hundreds digit of h?
4
Suppose -5*r = -92 - 8. Suppose 12406 = r*z - 14754. What is the units digit of z?
8
Suppose -2*j - 98 = 88. Let v = j - -91. What is the units digit of 3 + 1 - (v + -4 - -2)?
8
Let o(q) = 3*q**2 + 3*q + 4. Let w(h) = 7*h**3 + h**2 - 4*h - 4. Suppose 0*y - 2 = 2*y. Let g be w(y). What is the tens digit of o(g)?
9
Let i(n) = -2*n**2 - n + 2. Let m be (-8)/(-70)*5*(-1 - -8). Let h(f) = f**2 - 6*f + 8. Let y be h(m). What is the units digit of i(y)?
2
Let d(f) = f**2 + 5*f - 16. Let g(a) = -a**3 - 17*a**2 + 17*a + 5. Let o be g(-18). Let u = o - 33. What is the units digit of d(u)?
4
Let h = 31 - 27. Suppose 7 = -n + 2*n - 2*d, -5*d = h*n + 24. What is the units digit of 53 + n - (1 - (-8)/4)?
9
Let z = 27077 - 22768. What is the thousands digit of z?
4
Let g(v) = -22*v**3 + 2*v**2. Let n be g(-2). Let c = n + 20. What is the hundreds digit of c?
2
Let s(f) = 90*f**2 + 162*f + 24. What is the units digit of s(9)?
2
Let n(z) = 3*z**2 - 13*z - 35. Let b be n(-8). Let l = -77 + b. What is the hundreds digit of l?
1
Suppose -4*l = -5*o - 21504, 24*l + o = 19*l + 26880. What is the hundreds digit of l?
3
Let w = -568 + 615. Suppose w*v + 2538 = 25427. What is the units digit of v?
7
Let s be 330/286 + 2/(-13). What is the tens digit of (-3)/(s*(-3)/903)?
0
Let b(v) = 2367*v**2 - 275*v - 557. What is the thousands digit of b(-2)?
9
Let b(s) = s + 9. Let h be b(-9). Suppose -5*u + 3*f = -1613, -2*u + f + 703 - 57 = h. Suppose w - u = -91. What is the hundreds digit of w?
2
Let a(y) = y**3 - 9*y**2 + 9*y - 11. Let s be a(8). Let x(n) = -8*n**3 + 9*n**2 + 6*n + 3. What is the tens digit of x(s)?
8
Let y be ((-48)/(-84))/((-2)/(-14)). Suppose -y*o - 5*g + 1406 + 12 = 0, o - 3*g = 363. What is the hundreds digit of o?
3
Let s(g) be the second derivative of -7*g**3/6 - 19*g**2 - 21*g. Let r be s(-6). Suppose 3*z = 15, 4*l = -r*z + z + 223. What is the tens digit of l?
5
Suppose 2*y = -2*a + 21238, -2*y - 4*a - 2611 + 23851 = 0. What is the tens digit of y?
1
Suppose d = 4*v - 11, 0 = d - v + 5 - 6. Suppose 12*k + 445 = 17*k - d*r, -2*r = -4. What is the tens digit of k?
9
What is the hundreds digit of -1 + 4 + (-6 - -8828)?
8
Let q = -17576 + 19414. What is the hundreds digit of q?
8
Let u = 21101 + 4937. What is the tens digit of u?
3
Suppose 0 = 3*t - 4 + 1, 5*t = -j + 9. Suppose j*n = 2*q + 2602, -2*q = n - 262 - 376. What is the units digit of n?
8
Let g(l) = -l**3 + 27*l**2 - 49*l - 28. Let k be g(25). What is the hundreds digit of k/(6/4) - (-231183)/153?
5
Let o(f) = -5*f**3 + f**2 + 6*f - 7. Let z(u) = u**3 - 8*u**2 + 9*u - 17. Let a be z(7). What is the tens digit of o(a)?
1
Let u = 185 - 187. Let j = 2 - 5. What is the hundreds digit of (1 - -10)*(j + u - -21)?
1
Suppose -167140 = 136724*k - 136728*k. What is the thousands digit of k?
1
Let q be (891/18)/(1/(-2)). What is the hundreds digit of -5 + (-477)/q + 1773/11?
1
What is the units digit of (6 + 4)/((-14)/(-27580))?
0
Let x(o) = -o**3 - 27*o**2 - 95*o + 49. Let n(p) = p**3 + 27*p**2 + 96*p - 51. Let u(z)